ppose -7*c + 219 = -3*c - 3*q, c - 5*q - 42 = x. Suppose r - 5*y = 50, -r = -0*r + 2*y - c. Is r prime?
False
Let p(h) = 371*h**3 + 11*h**2 - 11. Let b(y) = -270*y**3 + 2*y**3 + 7 + 21*y**3 - 7*y**2. Let d(t) = -8*b(t) - 5*p(t). Is d(1) prime?
False
Let k be (-904)/(-28) + (-2)/7. Let l be 4/14 - 313/(-7). Let f = k + l. Is f prime?
False
Is (-10)/(-4)*310/5 a prime number?
False
Let g(f) = f - 27. Let p(c) = 13. Let y(b) = -2*g(b) - 5*p(b). Let d be y(-8). Suppose -5*x + d*s + 840 = 0, 3*s + 0*s - 800 = -5*x. Is x prime?
True
Suppose 0 = 3*z - z + 10. Let g(s) = -4*s**3 + 9*s**2 - 7*s + 8. Let u(p) = -5*p**3 + 9*p**2 - 7*p + 8. Let v(r) = z*u(r) + 6*g(r). Is v(-6) a composite number?
True
Suppose -3*u - 3*k + 942 = 0, -5*u + 536 = k - 1046. Is u composite?
False
Let j(d) = d + 6. Let u be (-12)/(-2) - (-3 - -2). Is j(u) prime?
True
Let n = 2 - 2. Suppose 0 = -n*t - 3*t + 99. Suppose 184 = 4*u + 3*i, i + 3*i = -u + t. Is u composite?
True
Let s(t) = t**3 + 3*t**2 - 2*t + 4. Let n be s(-3). Let m = 15 - n. Suppose -m*o = -o - 56. Is o prime?
False
Suppose 3*x = -17*x + 42940. Is x prime?
False
Let n be 1/(327/(-165) + 2). Let d = n + 79. Suppose 5*r = d - 39. Is r a prime number?
True
Let g(f) = -15*f - 4. Let l be g(-4). Suppose -13 = -5*b + 7. Suppose b*h + 0*h = 5*i + 32, -l = -4*h - i. Is h prime?
True
Is 0 - 1 - (-1 - (700 + 3)) a prime number?
False
Let f be (2 - (-6)/3) + 1. Suppose 0*d = -f*d + 320. Let v = 5 + d. Is v prime?
False
Let w(s) = s**3 - 2. Let z be w(0). Let q be 10 + 623 + (-6)/z. Suppose -8*i + 4*i = -q. Is i a prime number?
False
Suppose 0 = j - 3*d - 54, 3*d - 54 = -2*j + 90. Let y = j - 17. Is y prime?
False
Let f be -2 - (-4)/(4 + -2). Suppose -4*u - u + 740 = f. Suppose 0*v - u = -4*v. Is v composite?
False
Let n = 1373 - 946. Is n prime?
False
Let v(i) = 37*i + 13. Is v(6) composite?
True
Let b = 270 - -85. Is b prime?
False
Suppose -5*u = -3*a - 2345, 3*u - 1411 = 4*a - 3*a. Is 1/(2*2/u) composite?
True
Let v = 738 + 479. Is v composite?
False
Let q(d) = -d + 14. Let b(o) = 3*o - 2. Let w be b(4). Let m be q(w). Suppose 5*c - 3*z + 5*z - 157 = 0, -m*c - 2*z + 126 = 0. Is c composite?
False
Let c(z) be the first derivative of 11*z**3/3 + z**2 - 4*z - 2. Let v be c(-3). Let d = -58 + v. Is d prime?
True
Let w = -1459 - -2204. Suppose -2*y = 3*y - w. Is y composite?
False
Suppose 0 = -4*z + 6*z - 5*u - 24, 0 = -2*z - u. Suppose -d + 3*v = -7, -z*d = 2*d + 4*v - 92. Is d a composite number?
False
Let i = 18 + -12. Let o(y) = 31*y + 5. Is o(i) a prime number?
True
Let s(c) = 94*c**2 + 8*c + 5. Is s(5) a prime number?
False
Let r(m) = -6*m + 4. Let f(d) = d - 1. Let u(h) = -5*f(h) - r(h). Let b be u(0). Is 42/(-15)*(-4 - b) composite?
True
Suppose 3 = -q + 4*q, 4*b = 5*q - 1. Let s(d) = -2 - 105*d + 2 - b. Is s(-2) prime?
False
Let o(d) = d**2 + 3*d + 5. Let u = -31 + 22. Is o(u) prime?
True
Let a = -126 - -245. Is a composite?
True
Let s be 7744/(-33)*18/(-4). Suppose -q - 2*d + 247 = 0, -5*q = -2*d - 239 - s. Is q a prime number?
True
Let o = -13 - -9. Let c = o + -34. Is (-2 + c)/(-2) - 1 prime?
True
Let s(y) = -3 + 3*y**2 + 5*y + y**3 + 2*y**2 - 11*y. Let u be s(-5). Is u/12*16/6 a composite number?
True
Suppose -2*p = 2*p + 24. Let m = p + 10. Suppose 104 + 204 = m*y. Is y composite?
True
Suppose 4*f = 3*f - l + 50, 2*f = 2*l + 112. Is f a prime number?
True
Suppose -c + 406 = -303. Is c prime?
True
Let v = 105 - -128. Is v a prime number?
True
Suppose -5905 = -2*t - 3*t. Is t a composite number?
False
Let j = 3163 - 2094. Is j a composite number?
False
Let f(q) = q + 4. Let r be f(-4). Suppose r = -2*p + 4*z + 28, 4*p - 3 = -3*z + 9. Is p prime?
False
Let k(s) = 3*s + 7. Let u(l) = 1. Let r(q) = k(q) - 6*u(q). Let w = -13 - -19. Is r(w) composite?
False
Suppose p + 4*w - 2*w - 1 = 0, 0 = -3*w - 3. Suppose -p*o + 82 = 22. Let k = o + -11. Is k a prime number?
False
Let a be -2 - (-4976)/4*1. Suppose -a = -2*u - 76. Is u a composite number?
True
Let o be 4/(-10) - 2992/20. Let k = 7 - o. Is k a prime number?
True
Is (-3 - 38)/((-1)/3) prime?
False
Suppose v + 67 = 1247. Suppose 2*l - 465 = -o, 0 = 5*l + o - 2*o - v. Is l a composite number?
True
Suppose 2*g - 1604 = -5*d, -g + 5*d = 4*g - 3975. Is g prime?
True
Suppose -6 = 2*j - 4*j. Suppose -3*u - 97 = -j*t - 8*u, t - u = 35. Is t a composite number?
True
Let o = -72 + -30. Let j = o + 151. Is j a prime number?
False
Let i(q) = q - 6. Let l be i(6). Suppose 3*h - 2*b = 406, -2*h + b + 3*b + 260 = l. Let m = h + -92. Is m a composite number?
True
Suppose -4 + 12 = 4*a. Suppose 3*f + 98 = 5*d - 16, 2*d = -a*f + 36. Is d a composite number?
True
Let b be -9*4/((-12)/5). Suppose 2*z + b = 1. Let u = z - -18. Is u a composite number?
False
Is 3/(-6)*-43*4 a prime number?
False
Suppose -774 = -4*j - 194. Is j prime?
False
Suppose -6600 = 4*y + y. Let z = -875 - y. Is z a composite number?
True
Is 12/(-42) - 1250/(-14) prime?
True
Suppose -3*c + 5*g = -0*c - 1808, -5*c - 5*g = -3080. Is c prime?
False
Let u = 794 + -111. Is u a prime number?
True
Suppose 0 = 3*l - 3*a - 9, 4*l + 0*a = 2*a + 12. Suppose 0 = -l*y + 8 - 2. Is 1*20 - 2/y prime?
True
Let u = -65 + 35. Let y be (1 + -2)/(2/u). Is (y + 0)/((-5)/(-5)) prime?
False
Let k(u) = -10 - 2*u - 2 + 3*u + 0. Let m be k(8). Let o(l) = -l**3 - l**2 + 3*l + 1. Is o(m) a composite number?
False
Is (4 - (2 + 2)) + 43 a prime number?
True
Let z(g) be the second derivative of -32*g**3/3 - g**2/2 + 7*g. Is z(-2) a composite number?
False
Suppose -9*u - 1916 = -13*u. Is u prime?
True
Let m be 76/(-28) + (-2)/7. Let i(o) = -9*o + 5. Let f be i(3). Let t = m - f. Is t a prime number?
True
Let x = 4704 - 2873. Is x prime?
True
Let h = 2 - 2. Suppose w - o - 75 = -4*o, 4*w + 5*o - 328 = h. Is w a composite number?
True
Suppose -n = -3*k + 3, k - 1 = 2*n + n. Suppose 0 = -4*r + 16, -3*q + n*q = -r + 19. Let o = 2 - q. Is o composite?
False
Let z be ((-2058)/(-2))/(2/2). Suppose -z = -5*u + 406. Is u prime?
False
Let w(d) = -96*d + 2. Let q(u) = 48*u - 1. Let c(b) = 5*q(b) + 3*w(b). Is c(-3) a composite number?
True
Let d(b) = b + 2. Let h be d(-3). Is h*17/2*-6 a composite number?
True
Suppose 3*v = 3*b, -v - 7*b + 2*b + 18 = 0. Let x(n) = 15*n**2 - 5*n + 3. Is x(v) a composite number?
True
Let c(z) = -2*z**3 - 4*z**2 - z - 5. Let o be c(-5). Let v = -57 + o. Is v a composite number?
True
Suppose -2*s + 12 = 2*s. Is (7/2)/(s/102) composite?
True
Let l be 2/(-10) + (-1)/(-5). Let a be (l - 84/(-9))*6. Suppose -i + 5*i = a. Is i a composite number?
True
Let n(c) = 7*c**2 - 4*c + 9. Is n(6) prime?
False
Suppose -4*j = 2*s + 12, 35 = s - 4*j + 11. Suppose -s*t + 42 = -5*i, 2*t = -2*i - 7 + 1. Let y = 28 + i. Is y prime?
False
Is (-3)/2 + (-23953)/(-34) composite?
True
Let k(n) = -5*n. Suppose -5*u = -5*t, u - 3*t = -3 + 5. Let x be 1*(u + (-2)/1). Is k(x) prime?
False
Suppose 4*m + 55 = -w + 2*w, -5*m = 0. Is w a prime number?
False
Let k be (10/(-8))/((-3)/(-12)). Let z be (-264)/(-15) - 2/k. Is -2*z/(-1) + -1 composite?
True
Let g(c) be the first derivative of -c**4/4 + 2*c**3 - 2*c**2 + 5*c + 3. Let y be g(5). Suppose 34 = 4*x - y. Is x a composite number?
False
Let p be 1*(-2)/(2/(-57)). Let o(u) = u**3 + 7*u**2 - 8*u - 1. Let b be o(-6). Let q = b - p. Is q composite?
True
Suppose 123*g = 118*g + 15775. Is g prime?
False
Is -1 + (-7)/((-7)/204) composite?
True
Let r = -34 + 20. Is -6*(1 + r) - 1 composite?
True
Let i(l) = -149*l - 3. Is i(-2) a prime number?
False
Suppose 243 = -7*n + 6*n. Let k = -134 - n. Is k prime?
True
Let z be 2/(2/2) - -334. Let l = z - 44. Suppose 0 = -4*d - 24 + l. Is d prime?
True
Let p = 304 + -78. Let m = -157 + p. Is m a prime number?
False
Let i(c) = -c**2 + 15*c - 11. Is i(14) a prime number?
True
Suppose 0 = -3*b + t + 1155, b - 385 = -0*b + 5*t. Suppose -2*o + 3*o - 4*i = 147, 3*o + 2*i = b. Is o a composite number?
False
Let y(q) = -q**2 - 9*q + 8. Let d(v) = v**3 - 9*v**2 + 9*v - 4. Let j be d(8). Suppose 5*g + 23 = -4*i, 0 = 5*i - j*g + 23 + 16. Is y(i) a prime number?
False
Let r be 4/(-14) + 11526/14. Suppose 563 = 3*s + 5*z, -4*s + r = 3*z + 65. Is s prime?
True
Suppose -2*s + 2999 = -2487. Is s a composite number?
True
Let x be (-8 - 2)*4/(-10). Suppose x*j + 34 = 3*f, 5*f - 4*j - 52 = 18.